rs of b/(-2 - (-9)/5)?
3, 5
Suppose -2*d + 180 = g + 2*g, 4*g - 240 = -3*d. List the prime factors of g.
2, 3, 5
Suppose 0 = 4*d + 5*s + 4, -3*s + 1 = 13. Suppose d*w + 43 = 111. What are the prime factors of w?
17
Let d(r) = -26*r - 4. Let m be d(-3). Suppose -l + m = l. Suppose 4*i - l = 5*a, -4*a - 33 = -4*i + 3. List the prime factors of i.
2
Let x = -3 + 2. Let m(b) = 5*b**3 + 6*b**2 - 2*b + 5. Let q(l) = -4*l**3 - 5*l**2 + 2*l - 4. Let d(z) = -5*m(z) - 6*q(z). List the prime factors of d(x).
2
Let z be (3/(-1))/((-6)/(-4)). What are the prime factors of 8/(0/3 - z)?
2
Let o(r) = -19*r + 1. Let s be o(-8). Suppose 42*l - s = 39*l. List the prime factors of l.
3, 17
Let a(x) = -3 + 2 + 9*x + 2*x**2 - 3*x**2 - 2*x. List the prime factors of a(5).
3
What are the prime factors of 24 + (-6)/(2 - -1)?
2, 11
Suppose -12 = -3*g + b, -g = 3*b - 4*b - 4. Suppose 0 = -g*i - i + 10. Suppose i = 2*m - 18. List the prime factors of m.
2, 5
Let k = 167 - 64. What are the prime factors of k?
103
Suppose -l - 5 = 0, 2*b - 4*l = 4*b - 330. List the prime factors of b.
5, 7
List the prime factors of 2 - -123 - (0 + 0).
5
Suppose -4 = -4*r + 3*r. Suppose r*s = 3*s - 7. Let o = 15 + s. List the prime factors of o.
2
Let b(r) = -r**3 - 4*r**2 - 5*r - 4. Let f be b(-3). Suppose y - f*a - 18 = 0, -2*a + 5*a + 32 = 2*y. What are the prime factors of y?
2, 5
Let f = 0 - 0. Let z be 2/(-9) - 411/(-27). Suppose f*l + l - z = 0. What are the prime factors of l?
3, 5
Suppose 4*d - 245 = -3*k + 62, 531 = 5*k - 3*d. What are the prime factors of k?
3, 5, 7
Suppose 3*q - 260 = -56. Suppose -3*y - 14 = -q. List the prime factors of y.
2, 3
Let q(n) = 27*n**2 - n. Suppose -2*k + 7*k = -5. List the prime factors of q(k).
2, 7
Let u be 4*((-6)/(-4) + -1). Let b(w) = 2*w**3 - 2*w**2 + 3*w - 2. Let z be b(u). Suppose 0 = -4*f - f + p + z, p = -3*f + 12. List the prime factors of f.
3
Let s be (-5 + -80)*(-2)/5. Suppose -s = -0*j - 2*j. What are the prime factors of j?
17
Suppose q - 10 = -0. List the prime factors of q.
2, 5
Let z = 119 - 79. What are the prime factors of z?
2, 5
Let j(b) = 3*b**2 - 26*b + 5. Let w(u) = -2 - 9*u - u**2 + 2*u**2 + 4. Let m(o) = -3*j(o) + 8*w(o). List the prime factors of m(5).
2, 3
Suppose -4*m + 25 = m. Suppose 5*t - 110 = -0*t + m*d, -5*t + 2*d = -101. Suppose -t = 5*v - 59. What are the prime factors of v?
2
What are the prime factors of 636/5 - (16/(-20))/(-4)?
127
What are the prime factors of (-4)/18*-3 + 5988/36?
167
Let l = -1 + 1. Suppose -5*x = -l*x. Suppose 3*o - 5 - 13 = x. What are the prime factors of o?
2, 3
List the prime factors of (-32)/6*(-756)/16.
2, 3, 7
Suppose f = 5*f - 12. Let b(i) = -5*i - i**f + 0*i**3 + 10*i**2 + 5 - 4*i**2. List the prime factors of b(5).
5
Let l = -5 + 5. Suppose -b + 14 - 3 = l. List the prime factors of b.
11
Let m = -4 - -1. Let y be -2 + m*(-6)/(-9). Let x = y - -14. What are the prime factors of x?
2, 5
Let j(m) = 6*m - 7. Let a be j(6). Suppose 5*k = 15, 4*f + 3*k + 25 = 2*f. Let p = f + a. What are the prime factors of p?
2, 3
Let b = 6 - 12. Let q(z) = -2*z + 3. Let o be q(b). Suppose o = 4*v + v. What are the prime factors of v?
3
Suppose -39 = -4*g + 125. List the prime factors of g.
41
Let g(q) = -8*q - 15 + 15. List the prime factors of g(-1).
2
Suppose 0 = -8*i + 6*i + 202. List the prime factors of i.
101
Let r(h) = -h**3 + 4*h**2 + 8*h - 9. What are the prime factors of r(5)?
2, 3
Let a be 4/12 + (-132)/(-9). Let j = a + -6. What are the prime factors of j?
3
Let w = 75 - 48. Suppose -4*t + 79 = w. List the prime factors of t.
13
Let b be (-1 + -1)*(-7)/(-2). Let o = b - -17. What are the prime factors of o?
2, 5
Suppose 4*i - 2*i - 252 = 4*a, 5*i - 624 = 4*a. What are the prime factors of i?
2, 31
Suppose -3*r + 4*o + 3 - 19 = 0, 4*o + 40 = -4*r. Let b(j) = -j**3 + 7*j**2 - 6. Let i be b(7). Let x = i - r. List the prime factors of x.
2
Suppose -6 = -w - 2*w. Suppose 7*s - 2*s = 0. Let c = s + w. List the prime factors of c.
2
Suppose 11 = -5*a + 36. Suppose -37 = -2*b - a. What are the prime factors of 10/(-4)*b/(-20)?
2
Let o = -6 - -3. Let p(s) = -s**3 + s**2 + 2*s. List the prime factors of p(o).
2, 3, 5
Let q(l) = -l**3 + 8*l**2 + 11*l - 8. Let i = 40 - 94. Let h be ((-2)/2)/(6/i). List the prime factors of q(h).
2, 5
Let p(k) = 14*k + 12. Let i(o) = -5*o - 4. Let j(d) = 8*i(d) + 3*p(d). Let q be j(3). Suppose -6*a + a = g - 31, 2*a = 2*g + q. List the prime factors of a.
2, 3
Let g be -1 - -2 - (11 - 3). Let a(n) be the third derivative of -n**4/24 - n**2. List the prime factors of a(g).
7
Let v be (-43)/2 - 5/(-10). Let k = -15 - v. What are the prime factors of k?
2, 3
Suppose -4*k - 3*w - 21 = 0, 4*k - w + 12 = -k. List the prime factors of 11*(-2)/(k/3).
2, 11
Suppose 2*m = 3*m. Suppose 2*t + 0 - 12 = m. Let u = 2 + t. List the prime factors of u.
2
List the prime factors of (33 + 1)/(-2)*-3.
3, 17
Let p = -19 + 11. Let n(k) = -3*k - 3 - 2*k + 4*k. What are the prime factors of n(p)?
5
Let d be (-8)/36 - 4/(-18). Suppose d = -a - 3*a + 88. List the prime factors of a.
2, 11
Suppose -o + 5 = 1. What are the prime factors of o/((-8)/(-10))*5?
5
Let i = 14 - 2. What are the prime factors of i?
2, 3
Let r = 20 + -18. Suppose 3*a - r*d - 9 = 23, 0 = -2*a + 4*d + 8. What are the prime factors of a?
2, 7
Suppose -778 = 5*n - 1958. What are the prime factors of n?
2, 59
Suppose 4 = g + g. List the prime factors of -2 - g*57/(-6).
17
Suppose c + 2*c = -6. Suppose -j = 12 + 6. List the prime factors of c/j*3*15.
5
Let k be 0*(3/(-1))/(-3). Suppose -3*u = -0*u + f - 34, 3*u - f - 32 = k. What are the prime factors of u?
11
Let x(c) be the second derivative of c**4/12 - c**3/2 + 5*c**2/2 - c. List the prime factors of x(5).
3, 5
Suppose -v + x + 25 = 0, 0*x + 5*x + 10 = 0. List the prime factors of v.
23
Let y(t) = -t**2 + 6*t - 2. What are the prime factors of y(4)?
2, 3
Suppose 0 = 2*a + 5*o - 31, 5*a - a + 2*o - 38 = 0. What are the prime factors of a?
2
Let q(x) = -x**3 + 6*x**2 + 8*x - 9. Let d be q(7). Let o be (-3)/d*10/(-15). What are the prime factors of (1*(-4 - 0))/o?
2
Let o(b) = b**2 + 11*b - 10. List the prime factors of o(-13).
2
List the prime factors of ((-25)/(-2) - -3)/(7/14).
31
Let a be ((-10)/(-4))/((-2)/(-4)). Let v = 1 - a. What are the prime factors of 9 + v*2/(-4)?
11
Let i = -39 - -56. List the prime factors of i.
17
Let g(v) = -v**2 + 1 + 8*v - v - 7*v - 47*v**3. What are the prime factors of g(-1)?
47
Let c(x) = x - 8. Let q be c(9). Let r = -1 + q. List the prime factors of -3*(8/(-6) + r).
2
Let w(q) = q**2 - 3*q + 5. Let g be w(-4). Suppose 5*c - 81 = -3*d, 5*d + g = c - 0*d. List the prime factors of c/(-30) - 106/(-10).
2, 5
Let v be (-2)/6 - 134/(-6). Suppose -10 = -5*y, -4*a + 2*y - 6 = -2. Suppose 0*u - 2*u + v = a. What are the prime factors of u?
11
Suppose 4 = u + u. Let y = 54 + -37. Suppose -j - 3*i = -y, -5*j + i + u*i + 13 = 0. List the prime factors of j.
5
Suppose -3*d = -4*a + 26, -3*d - 11 = -3*a + 16. List the prime factors of (-5)/(d/46) + 0.
23
Let b = -1 + 1. Suppose b = -5*m + 23 + 22. What are the prime factors of m?
3
Let g = -95 + 57. Let n = g + 19. Let q = n + 31. List the prime factors of q.
2, 3
Suppose -5*j = -0*j - 75. Suppose -2*f + j = f. What are the prime factors of f?
5
Let g(b) = -b - 2. Let c be g(4). Let z = c + 14. What are the prime factors of z?
2
Let z(c) = -c + 8. Let v be z(3). Let o(q) = -2 + 0*q**2 + 2*q**2 - q**2 - 4*q. List the prime factors of o(v).
3
Let z be (-6 + 3)*2/(-6). Let h = z - -1. What are the prime factors of h/3*15/2?
5
Let g = 140 - 77. What are the prime factors of (-8)/(-3)*g/12?
2, 7
Let z(v) be the second derivative of 3*v**4/4 + v**2/2 + 3*v. Let y be z(1). Let h = 1 + y. List the prime factors of h.
11
What are the prime factors of (9/6 + -1)/(4/1864)?
233
Let a(x) = -x + 1. Let o be a(-1). Let k = o + -2. What are the prime factors of 12 - (0 - k)/(-2)?
2, 3
What are the prime factors of (0 - -70)*(-10)/(-25)?
2, 7
Let i = 5 + -6. Let v(d) = 22*d**2 + d. List the prime factors of v(i).
3, 7
Let k = -15 - -26. List the prime factors of k - (-8)/12*-3.
3
Let n = 84 - 39. What are the prime factors of n?
3, 5
Suppose 2*t = t - 26. Let l = t + 42. List the prime factors of l.
2
Suppo